t y = 3 - g. What is the units digit of y?
1
Let m(z) = -2*z + 1. Let y = 1 + -4. What is the units digit of m(y)?
7
Let u = -61 - -129. What is the units digit of u?
8
Let l(v) = v**3 - 3*v**2 + 4. Suppose 0 = -2*x + 6. What is the units digit of l(x)?
4
Let k(l) = l**3 - 2*l**2 - 3*l. Let m be k(3). Suppose -4*u + 71 = -m*u + 3*n, 2*n = -3*u + 53. What is the tens digit of u?
1
Suppose -5*p - 15 = -8*p. Suppose p*c - 12 = c. Suppose -4*q = 2*l - 14, l - 14 = -4*q + c. What is the units digit of q?
5
Suppose 3*l - 3 = 3. Suppose 22*u = 21*u + 2. Let x = u + l. What is the units digit of x?
4
Suppose 2*o - 293 = 95. What is the tens digit of o?
9
Let z(p) = -7*p + 2. Let f be z(-6). Suppose 4*w = -3*j + f, -5*j - 2*w = -2*j - 34. What is the units digit of 12/(-8)*j/(-3)?
4
Let j be (-2 - -4)*10/(-2). Let d = -6 - j. What is the tens digit of d/((-4)/(-30)*3)?
1
Let q = 0 + 4. Suppose 0 = -5*h + 5*g - 120, 0*h + h = -q*g - 4. What is the units digit of (h/(-25))/(1/15)?
2
Suppose 2*k = -6, 5*h - 4*k - 30 = k. Let v = 6 - h. Suppose b - 18 = -4*g + 15, v*g + 2*b = 26. What is the units digit of g?
8
Suppose -4*a + d = 23 + 26, 4*d + 64 = -4*a. Let s = -7 - a. What is the units digit of s?
6
Let d be (-48)/(-20)*10/(-3). Let c = d + 14. Suppose p - 7 = c. What is the units digit of p?
3
Suppose -13 = 2*c + 3*d + 14, -16 = c + 4*d. What is the units digit of -1*(c + 5 + -2)?
9
Let r be -1*1 - 3/(-3). Let g = 6 - r. Let x = g + -3. What is the units digit of x?
3
Let n(f) = -f**3 + 12*f**2 + 2*f - 14. What is the tens digit of n(12)?
1
Let y(t) = 3*t - 2. Let c be y(3). Let a(m) = -15*m + 6. Let l(u) = -15*u + 7. Let b(o) = c*a(o) - 6*l(o). What is the units digit of b(-1)?
5
Suppose 0 = -4*i - 2*m - 0*m + 174, i + 2*m = 48. What is the units digit of i?
2
What is the units digit of 21/4 + -5 - 2937/(-12)?
5
Let h be 102/24 - 2/8. Let w = 9 - h. What is the units digit of w?
5
Let x = 3 + 2. Suppose 5*v + 2*y = 6*y - 78, -v - 4 = x*y. What is the units digit of (-4)/2*v/4?
7
Let b = -10 - -26. What is the tens digit of b?
1
Let s = -14 - -29. What is the units digit of s?
5
Let n(a) = 5*a**2 + 2*a. Let m be n(-3). Suppose 21 = v - o - 2*o, -2*v + 3*o = -m. What is the units digit of v?
8
Suppose -248 - 186 = -2*b. What is the hundreds digit of b?
2
Suppose 102 = 6*t - 120. What is the tens digit of t?
3
Suppose 0 = -13*n + 14*n - 52. What is the tens digit of n?
5
Let k = -15 - -4. Let g = k - -32. What is the tens digit of g?
2
Let g = 1 - -1. Let i = -15 + 7. What is the units digit of 4/g*(-12)/i?
3
Let g = 0 - 0. Suppose -2*p - 2*p = 0. What is the units digit of p - (-6 - (g + 0))?
6
Let k be (-1)/(-4) + 28/16. Let z be 0 - (-2 + (2 - k)). Suppose -6 - z = -4*u. What is the units digit of u?
2
Suppose -124 - 21 = -5*g. What is the tens digit of g?
2
Let w(u) = 2*u**2 - 26*u + 9. What is the units digit of w(17)?
5
Suppose 4*w + 4 = -0. What is the units digit of 1 - (-1)/w*-6?
7
Let v be (1 + -5)*(0 - -1). Let b = 10 + v. What is the units digit of (-12)/(-9) - (-4)/b?
2
Suppose -3*c + 101 = 4*h, -2*c = 5*h + 44 - 165. Suppose 0 = -0*d + 2*d. Suppose -3*t - 4*s + 41 = d, 6*t - h = 2*t + s. What is the units digit of t?
7
Suppose -5*s - n = -28, -2*s - 8*n + 4 = -4*n. Suppose 2*t + 36 = 2*u, s*u - t - 66 = 2*u. What is the units digit of u?
6
Suppose -4*z - 411 = -5*o - 2*z, -2*o + 4*z + 158 = 0. What is the tens digit of o?
8
Let o(t) = 2*t**2 - 3*t. Let j be 1/((-8)/(-7) + -1). Let u = j - 4. What is the units digit of o(u)?
9
What is the units digit of 17/((-2 - 15/(-9))/(-1))?
1
Let s be (17/2)/(5/(-10)). Let f = -10 - s. What is the units digit of f?
7
What is the tens digit of -1*(-21)/(-3)*-5?
3
What is the hundreds digit of (8 - 1)/((-1)/(-19))?
1
Let h = 2 - -3. Suppose 5*s - 2*d = 17, 4*d - h = -7*s + 4*s. What is the units digit of (-1)/s + 8/6?
1
Suppose 0 = -w - g - 4 + 119, w - 119 = 3*g. What is the hundreds digit of w?
1
Suppose 3*b + v = -0*b + 425, -b + 4*v + 120 = 0. What is the units digit of b?
0
Suppose -11*s - 293 = -1954. What is the hundreds digit of s?
1
Suppose 2*p - 64 = 262. What is the hundreds digit of p?
1
Suppose -2*y + 2*l + 12 = 0, -3*y = 5*l - 4 + 2. Suppose y*c - 3*a + 8 = 0, 0*a + 6 = 2*c + a. What is the units digit of c?
1
Let b(a) = 2*a - 10. What is the units digit of b(6)?
2
Suppose 47 + 13 = -4*n. Let a = -7 - n. What is the units digit of a?
8
Suppose 0 = 4*j - 4*y - 660, -y = 4*j - 316 - 349. What is the hundreds digit of j?
1
Let g = -48 - -101. What is the tens digit of g?
5
Let p(r) = 9*r**3 + 2*r - 1. Let i be p(1). Let b = 24 - i. What is the units digit of b*((-1)/(-2) + 0)?
7
Let z = 4 + 1. Suppose -z*s - 4*n = -47, 0*s - n = 2*s - 17. What is the units digit of s?
7
Suppose 2*u - 38 - 54 = 0. What is the units digit of u?
6
Let z be 1706/(-10) + (-6)/15. Let b be z/(-33) + (-4)/22. Suppose -77 = -b*t + 3*d, -5*d - 20 = -0*d. What is the units digit of t?
3
Let z(o) = -9*o - 1. Let d(x) = 17*x + 2. Let l(r) = 4*d(r) + 7*z(r). Let u be l(1). Suppose u*n - n = 30. What is the units digit of n?
6
Let x = 88 + -50. Suppose 2*z = x + 10. What is the units digit of z?
4
Suppose 3*j + 17 = -0*j - 5*n, -4*j - 20 = 4*n. What is the units digit of 2/j*-4 - 0?
2
Let c = 121 - 63. What is the units digit of c?
8
Let u = -25 - -105. Suppose -u = -6*z + 2*z. What is the units digit of z?
0
Suppose -4*p + 72 + 56 = 2*a, 5*a + 10 = 0. What is the units digit of p?
3
Let d(a) = -a - 2. Let r(f) = 4*f + 6. Let s(b) = -7*d(b) - 2*r(b). What is the units digit of s(-10)?
2
Let g(r) = 11*r. Let q(w) = w - 6. Let n be q(9). Let j(l) = l**3 - 2*l**2 - 2*l - 2. Let a be j(n). What is the units digit of g(a)?
1
Let c(a) = -a**2 + 5*a + 3. Let d be c(5). Suppose 0 = v - 4 + d. What is the units digit of v?
1
Let d = 13 + -13. Suppose -220 = -5*l - d*l. What is the units digit of l?
4
Suppose 6*f = f + 2*c + 18, 0 = -5*f + 5*c + 30. Let a(v) = v + 3. Let k(b) = -b - 4. Let s(g) = f*k(g) + 3*a(g). What is the units digit of s(9)?
0
Suppose -i + 5 - 6 = 0. Let n = -15 - -21. Let v = i + n. What is the units digit of v?
5
Let b(t) = -8*t + 2. What is the tens digit of b(-2)?
1
Let n(u) = -u**3 - 5*u**2. Let x be n(-5). Suppose w = 0, -d = -4*w - 6 - 14. Suppose x*h = -4*h + d. What is the units digit of h?
5
Let g = -26 - -52. What is the units digit of g?
6
Let s = 18 + -17. What is the units digit of (0 + s)/(2/2)?
1
Suppose w - 3 = 2. Suppose w = -3*r + 14. What is the units digit of (2 + -11)/(r/(-2))?
6
Suppose -5*k - 73 + 93 = 0. What is the units digit of k?
4
Let d = 426 - 247. What is the tens digit of d?
7
What is the units digit of (1 + 2)/(1/5)?
5
Suppose -5*v = 3*t + 5, -5*t + v + 19 = -10. Suppose 0 = 4*k - 5*k + 4*j + 23, 0 = k - t*j - 25. What is the tens digit of k?
1
Suppose d + 0*d = 60. What is the tens digit of d?
6
Let s(b) = -17*b + 11. What is the tens digit of s(-4)?
7
Suppose -k = 3*k - 220. What is the units digit of k?
5
Let a(t) = 0 - 7*t - 8*t**2 + t**3 + t**2 - 3. What is the units digit of a(8)?
5
Let p(x) = x**2 - 10*x + 2. Let h be p(10). Let a = h - 2. Let o(m) = m**2 + m + 10. What is the tens digit of o(a)?
1
Let p be (8/2)/2 + -2. Suppose -2*v = -2*r - v + 26, p = -3*r - 4*v + 39. What is the tens digit of r?
1
Let d(w) = -5*w**3 - w**2 + 4*w - 21. Let v(t) = -6*t**3 - t**2 + 5*t - 21. Let c(b) = -5*d(b) + 4*v(b). What is the units digit of c(0)?
1
Suppose d = -3*d - 32. Let l = d + 13. Suppose 85 = 5*q - l*u, 3 = 3*q + 2*u - 28. What is the tens digit of q?
1
Suppose -2*n - 4*q - 4 = 0, -4*n - 5*q + 3 = 8. Let s(v) = -v + n + 0 + 2*v. What is the units digit of s(6)?
6
Suppose -3*a + 5*a = 8. Let b = -20 + a. What is the units digit of (b/(-1))/(5 + -3)?
8
Let h = 1 - 1. Let x be 14/35*5*1. Suppose x*k - 6 + 2 = h. What is the units digit of k?
2
Suppose 2*n = -48 + 240. What is the tens digit of n?
9
Let z(v) = 35*v**3 + v**2 - 1. What is the tens digit of z(1)?
3
Let c(k) = 31*k**2 - 6*k + 11. What is the tens digit of c(3)?
7
Let q = -50 - -71. What is the tens digit of q?
2
Let r = 9 - -2. What is the units digit of r?
1
Let u(y) = 3*y + 2. Let m(k) = 2*k + 1. Let f(b) = 5*m(b) - 3*u(b). Let q be f(-1). What is the units digit of 2/(q + 45/21)?
4
Suppose 3*x + p - 3 = 0, x 